units digit of d?
7
Suppose 443*z + 3379796 = 23995244. What is the hundreds digit of z?
5
Let q be (9/4 - 0) + (-12)/48. Suppose -5*b + 3 = -5*m + 8, q*m = 3*b - 1. Suppose 0 = x - b*n - 67, 3*x - 125 = -4*n + 50. What is the units digit of x?
1
Let u be (4/(-8))/((-3)/330). Suppose -12 = 3*v, -u = 2*l - 3*v - 235. What is the tens digit of l?
8
Let y(n) = -n**2 - 7*n + 61. Let d be y(-16). Let t = 140 - d. What is the tens digit of t?
2
Let s(g) = 7*g + 3*g - 4*g - 9*g - 25. Let v be s(-9). Suppose -5*t - 7*a + 450 = -2*a, 2*a = v*t - 192. What is the units digit of t?
3
Let y = 6557 - -2246. What is the tens digit of y?
0
Let l = -3563 + 3515. Let r(t) = 119*t**3 - t**2. Let b be r(-1). Let d = l - b. What is the units digit of d?
2
Suppose -5*x + 2*x = 9. Let d(k) = 0*k - 4 + 3*k - k**3 - 7*k**3 - 2*k**2. What is the tens digit of d(x)?
8
Let i = 44927 + -24037. What is the thousands digit of i?
0
Suppose 3*t - 16 - 11 = 0. What is the hundreds digit of 1/t*0 - -393?
3
What is the thousands digit of -2219*(240/(-28))/((-4)/(-2))?
9
Suppose 68*t - 53832 = -2*x + 65*t, x = -4*t + 26926. What is the tens digit of x?
1
Let u(o) = 9*o**2 + 3*o + 58. Let h be u(-17). Suppose 284 = -7*k + h. What is the units digit of k?
2
Suppose 29*q - 386020 - 144537 = 579244. What is the tens digit of q?
6
Suppose -5*p = -p - 20. Suppose -2*h = 3*g - 968, 2*h - 3*g + 1446 = p*h. What is the tens digit of h?
7
Suppose 12*c = 445 + 455. Let g = 501 + c. What is the hundreds digit of g?
5
Let z(p) = 12*p**2 - p + 4. Let i be z(-4). Let n(m) = 42*m + 954. Let h be n(-25). Let g = h + i. What is the units digit of g?
4
Let r = 100 + -118. What is the units digit of (((-45)/r)/(-5))/(1/(-2040))?
0
What is the thousands digit of (-16)/328 - 1009393/(-287)?
3
Suppose 4*o - 6*o + 640 = 0. Suppose -17 = 3*h - o. What is the hundreds digit of h?
1
Suppose 13*q + 8 - 73 = 0. Suppose 543 = -4*w + 5*z, z + 695 = -q*w + 4*z. Let v = w + 225. What is the units digit of v?
3
Let c = 29934 - 17712. What is the ten thousands digit of c?
1
Let m(r) = 294*r + 46. Let d be m(4). Suppose -d + 15372 = 25*a. What is the hundreds digit of a?
5
What is the tens digit of -3484*(-40)/16 - (-1 + 4)?
0
Suppose -3*v = -695 - 304. Suppose -10*t = -t + v. Let x = t - -90. What is the tens digit of x?
5
Let p(i) = -5*i - 112 + 11*i - 7*i - 19*i - 36*i. What is the hundreds digit of p(-18)?
8
Suppose 952*o = 931*o + 726495. What is the units digit of o?
5
Let p = -292 - -358. Let g = p + 240. What is the tens digit of g?
0
Suppose 178 = 2*j - 288. Let l = -117 + j. Let y = l - -50. What is the tens digit of y?
6
Suppose -j - 5*u - 107 = 0, 0 = 15*j - 20*j + 3*u - 591. Suppose 0 = -5*a - 147 - 188. Let x = a - j. What is the tens digit of x?
5
Let v(m) be the third derivative of -m**5/3 - m**3/3 - 17*m**2. Let t be v(1). Let b(r) = r**2 + 16*r - 9. What is the hundreds digit of b(t)?
1
Let b(f) = 270*f**3 + 9*f**2 - 21*f + 14. What is the tens digit of b(3)?
2
Let t(h) = -h**2 + 2*h + 65. Let x be t(9). Suppose 4*c + 5*z = 4940, -25*c + 21*c - x*z = -4928. What is the units digit of c?
0
Let g = 163 + -157. Let w(t) = 7*t**2 + 9*t + 5. Let j(o) = 8*o**2 + 9*o + 5. Let f(q) = -5*j(q) + 6*w(q). What is the tens digit of f(g)?
3
What is the tens digit of 4629/(4*3/16)?
7
Let k = -30435 - -56392. What is the units digit of k?
7
Suppose 33*c + 59*c - 349430 = 153534. What is the tens digit of c?
6
Let q(o) = o**3 + 74*o**2 + 38*o - 1129. What is the units digit of q(-71)?
6
Suppose -4*v = 2*o + 3*o - 16494, -3*v = 4*o - 12370. What is the units digit of v?
6
Suppose h + 1552 = 3*l + 14383, 4*h = -5*l + 51290. What is the thousands digit of h?
2
Let z(i) = 7082*i + 265. What is the tens digit of z(6)?
5
Let i = 899 - -55. Let m = i - 25. What is the tens digit of m?
2
What is the tens digit of (((-374946)/9)/23)/((-1)/3)?
3
Let h = -116 + 18. Let c be (-28)/h + 402/14. Suppose -3*d + c = -64. What is the tens digit of d?
3
Let r = 924 + -627. What is the units digit of (117/27)/(3/r)?
9
Let p be (-3 + 2)/(-2)*2126. Let v = p + -431. Suppose -14*j + 698 = -v. What is the tens digit of j?
9
Suppose -4*m + 219 = -3*t - 2*t, m + 3*t = 59. Suppose 6*g = -10*g + 560. Suppose -4*z = -9*z - 4*n + m, g = 3*z + n. What is the tens digit of z?
1
Let k(y) be the third derivative of -y**4/12 - 13*y**3/6 - 9*y**2. Let v be k(-3). Let g(d) = d + 13. What is the units digit of g(v)?
6
Suppose -2*s - f + 4 = 0, 2*s - 12 - 4 = -4*f. Suppose -p + 84 + 33 = s. What is the units digit of p?
7
Suppose 8*t = -15*t + 4*t + 822719. What is the hundreds digit of t?
3
Let g = 10571 + -6129. What is the units digit of g?
2
Let p be (-6)/(-4)*-52*(-14)/21. Let n = 55 - p. Suppose -n*d - 3*f + 160 = -8*f, -d = -f - 56. What is the units digit of d?
0
Let w = 12431 - 4489. What is the units digit of w?
2
What is the thousands digit of (-1)/(2/(-8434)) - (-17 - (-40 + 18))?
4
Let z be (0 - 50)*(78/(-30) + 3). Let r(o) = -o**3 - 18*o**2 + 22*o + 30. What is the units digit of r(z)?
0
Let o(h) = 4 + 6 - 18*h - 20. Suppose -5*g - n - 21 = 0, -4*g + 3*g + 4*n = 21. What is the units digit of o(g)?
0
What is the tens digit of ((765/6)/(-5))/((-1)/258)?
7
Suppose -2181*u + 2219*u = 344622. What is the thousands digit of u?
9
Let p be -1 + 1 - (-32 + 30). Suppose 5*t - 2455 = 4*z, p*z - z - 2430 = -5*t. What is the units digit of t?
7
Let z = -419 - -442. Suppose j + 7 = -0*j. Let m = z + j. What is the units digit of m?
6
Let y be 3/9 - -1 - 8/6. Suppose -5*f - 4*u + 29 = y, 2*f - 8 = -u + 3*u. Suppose c + 288 = -w + 5*w, f*c = 20. What is the units digit of w?
3
Let c be ((-2)/1 + 2)*(-10)/(-40). Suppose -39*s + 53*s - 4578 = c. What is the tens digit of s?
2
Suppose -7 - 30 = -i. Suppose i = 4*l - 3. Suppose g + 2*j = 13 + l, 3*g - 5*j - 69 = 0. What is the units digit of g?
3
Suppose -479*s + 330599 - 868279 = -526*s. What is the units digit of s?
0
Suppose -111*s + 284 = -112*s. Let p = 417 + s. What is the units digit of p?
3
Let l(b) = -5*b**2 + 3*b + 1. Let q be l(3). Suppose -4*i + 7*i = -87. Let x = i - q. What is the units digit of x?
6
Let t be 2/((-4)/(-2)) + -90. Let n = 4395 + -4435. Let a = n - t. What is the tens digit of a?
4
Suppose 3*k = m - 5196, -35*k = -2*m - 32*k + 10389. What is the thousands digit of m?
5
What is the thousands digit of 5829364/465 - 16/60?
2
Let h be (-163)/3 - ((-2)/2)/3. Let r = -38 - h. Suppose -r*l = -11*l - 445. What is the units digit of l?
9
What is the tens digit of (-28 + 14 + -2)*-362?
9
Let j be 6/33 + 3958/11. Let p be (-9)/(-2)*(-430)/(-387). Suppose 294 = 4*h - 3*o + o, 5*o + j = p*h. What is the tens digit of h?
7
Let p = 1395 - 742. Let b = 1024 - p. What is the hundreds digit of b?
3
Let z = 4863 - -5978. What is the tens digit of z?
4
Let r(x) = -x**2 - 28. Let p be r(0). What is the units digit of (-413)/p*(3 + 1)?
9
Let x(t) = t**2 - 13*t + 2. Let z be x(12). Let b(u) = -u**3 - 8*u**2 - 8*u + 11. What is the hundreds digit of b(z)?
2
What is the thousands digit of (1 - (8*15/20 - 140))*75?
0
Let v(q) = -9*q - 42. Let f(j) = 4*j + 21. Let h(z) = 7*f(z) + 4*v(z). Suppose 3*n + 1 + 41 = 0. What is the units digit of h(n)?
1
Suppose -11750 = -2*i - 32*k + 33*k, 20 = 5*k. What is the units digit of i?
7
Suppose 2*o - 91 = n + 5*o, -n = o + 93. Let b = 72 + n. What is the tens digit of (-1692)/(-14) + (-3 - b/7)?
2
Let x be ((-1)/2)/((-5 + 2)/30). Suppose -2*w - 93 + 37 = 2*j, -x*j = 2*w + 53. Let a = -8 - w. What is the units digit of a?
1
Let l(p) = 2154 - p - 1051 - 1045. Let q = -2 - -2. What is the units digit of l(q)?
8
Suppose 2*c + 4 = 4*r, r + r - 2*c = 4. Suppose -4*p - k + 636 = 0, -k - 804 = -5*p - r*k. What is the units digit of p?
0
Let y = -107 + 121. Suppose 2*k + 3*n = 5*n - y, 3*k + 13 = -n. What is the tens digit of (k + 3)*(-15)/(-10) - -23?
2
Let w(j) = 24*j**2 + 2*j - 7. What is the tens digit of w(15)?
2
Let x(p) = 44*p**3 + 18*p**2 + 42*p - 25. What is the hundreds digit of x(12)?
1
Suppose -3*i + 4*i + h = 6, 3*h - 14 = i. What is the units digit of 1002/(-12)*(-2)/i?
7
Let r = 19721 - 13708. What is the hundreds digit of r?
0
Suppose -4*i + 26 - 10 = 0. Suppose 2*d - 3*s - 220 = -2*d, -2*d = -i*s - 100. What is the units digit of d?
8
Let w be 1*6 + (-1